e 6, what is 5 - -23235240353?
23235240402
In base 9, what is -1665781 - 2276?
-1668167
In base 9, what is -2270 + 384514?
382234
In base 13, what is 7 - 39c39b?
-39c394
In base 7, what is -11 + -440360?
-440401
In base 5, what is -313 + -10300232?
-10301100
In base 2, what is -1 + -10111101011110001010110?
-10111101011110001010111
In base 10, what is -7311 - 5611?
-12922
In base 9, what is 2670 + -6242?
-3462
In base 10, what is 268903 + 86?
268989
In base 12, what is 43 - -3546a4?
354727
In base 4, what is -21101200001 + -12?
-21101200013
In base 14, what is 2023d84c + 1?
2023d84d
In base 2, what is 110011110 - 1000011010101110?
-1000010100010000
In base 8, what is -1540017 + 37?
-1537760
In base 7, what is -1062546055 + 4?
-1062546051
In base 15, what is -6a14b - 204?
-6a350
In base 5, what is 10400034201 - 3?
10400034143
In base 4, what is 2323112300320 + -10?
2323112300310
In base 15, what is 55bb - -4b6?
5a82
In base 13, what is 3bc - 10c88?
-10899
In base 15, what is -e15 - -20c6?
11b1
In base 14, what is 74 + -2c27a?
-2c206
In base 3, what is -11122111000020 + 120022?
-11122110102221
In base 11, what is -1323 - 18a32?
-1a255
In base 16, what is e78 - 1ec?
c8c
In base 5, what is -11323003 + -1010?
-11324013
In base 5, what is 1020210 + -2034?
1013121
In base 13, what is 83087 - 211?
82b76
In base 14, what is -11d340736 + 2?
-11d340734
In base 10, what is 200337005 + 0?
200337005
In base 9, what is 1 + 7486780?
7486781
In base 8, what is -1767 - 24114?
-26103
In base 14, what is -3 - -1065dc18?
1065dc15
In base 11, what is 9 + 1643763?
1643771
In base 12, what is 290a + 183?
2a91
In base 2, what is 1110100110000 + -10010111110?
1100001110010
In base 12, what is 2266b8 + 26?
226722
In base 8, what is 114047162 + 32?
114047214
In base 13, what is 4146b - 2?
41469
In base 2, what is 111101 + -11001010011101?
-11001001100000
In base 4, what is -131303022301 - 11?
-131303022312
In base 7, what is -341431 - 16140?
-360601
In base 13, what is -7279320 + 4?
-7279319
In base 14, what is -4 + 20cdac?
20cda8
In base 12, what is -44 + 39570?
39528
In base 9, what is -62007133 + 4?
-62007128
In base 14, what is -9 + -b0120?
-b0129
In base 6, what is 5255550531 - 1?
5255550530
In base 13, what is 24 + -15b86a?
-15b846
In base 8, what is 43 + 153745?
154010
In base 4, what is 1022 - 1131303110?
-1131302022
In base 15, what is 7b4 - -6dea6?
6e76a
In base 6, what is 12 + -1400144105?
-1400144053
In base 16, what is 3b6 - -5?
3bb
In base 16, what is b549 + -4a3?
b0a6
In base 14, what is 1 - 27882c36?
-27882c35
In base 13, what is 14c + 6693?
6812
In base 8, what is -35 - 320736?
-320773
In base 4, what is -2231021 - 22030?
-2313111
In base 10, what is 7920 + 770?
8690
In base 11, what is -262 + -44505?
-44767
In base 9, what is 7 + 354343?
354351
In base 2, what is -1111000101100000010110110 - 10100?
-1111000101100000011001010
In base 14, what is 8a8 + 6835?
72dd
In base 15, what is 2 - -cad77?
cad79
In base 3, what is 12 + 1010010021020212?
1010010021021001
In base 2, what is -10 - 1111011001111110100100111?
-1111011001111110100101001
In base 11, what is -99082 + -368a?
-a1761
In base 13, what is -18ab889 - 5?
-18ab891
In base 4, what is 112010 + 331220?
1103230
In base 6, what is -11421 - -131231?
115410
In base 11, what is 39a2682 + -43?
39a263a
In base 3, what is 11221210120200 + -2?
11221210120121
In base 12, what is -28088 + -129?
-281b5
In base 5, what is -132412 - 312?
-133224
In base 12, what is -2397 + 229a?
-b9
In base 5, what is -44202124002 - -1?
-44202124001
In base 6, what is 124 + -112514101?
-112513533
In base 5, what is -4 - -2140140243?
2140140234
In base 13, what is -2 - -15ca062?
15ca060
In base 3, what is -20202002102 + -2022?
-20202011201
In base 7, what is 62520 + 1211?
64031
In base 6, what is -10454 + 132131?
121233
In base 10, what is 127 - -287453?
287580
In base 16, what is 17 + 2d045a?
2d0471
In base 15, what is 1 + 12082d9?
12082da
In base 4, what is -1013113022 + 102?
-1013112320
In base 16, what is 1c951 + 2ff?
1cc50
In base 14, what is -145 + 29192?
2904b
In base 7, what is -4055 - -52433?
45345
In base 13, what is -12653 + 5?
-1264b
In base 5, what is -24210434012 + 1?
-24210434011
In base 2, what is 1101010011110011100 - -11?
1101010011110011111
In base 11, what is -4 - -a546a1?
a54698
In base 3, what is -212120112220 - 1111?
-212120121101
In base 4, what is -312 + -310331122?
-310332100
In base 11, what is -65572857 + 3?
-65572854
In base 2, what is -1110011 + -10110010111010?
-10110100101101
In base 5, what is 1301 - 3032122?
-3030321
In base 4, what is -10302122 - -2123123?
-2112333
In base 16, what is f + -1047f8?
-1047e9
In base 16, what is -3acb19d - -2?
-3acb19b
In base 2, what is -1010100 - 1100010100110011111001?
-1100010100110101001101
In base 8, what is 57110 + -3120?
53770
In base 7, what is -1166662 - 46?
-1200041
In base 16, what is 4 + -f4bb7a?
-f4bb76
In base 4, what is -210012210133 - -101?
-210012210032
In base 15, what is -ee - -17925?
17826
In base 14, what is -21 + 105bac?
105b8b
In base 15, what is -1e7a7c + -68?
-1e7ae5
In base 15, what is 19024a18 - 3?
19024a15
In base 5, what is 1013 - -211021042?
211022110
In base 3, what is -11111 + 1202122002?
1202110121
In base 8, what is -5 - -14660222?
14660215
In base 2, what is -11100011110111100011101 + -101?
-11100011110111100100010
In base 7, what is -41204100642 + -4?
-41204100646
In base 11, what is 3a71 - -166a5?
1a666
In base 2, what is 101 - -10101100001000110101111101?
10101100001000110110000010
In base 5, what is -4 + -114023032031?
-114023032040
In base 14, what is -1b42cb9 + 1c?
-1b42c9b
In base 14, what is -481 - -9a32?
9591
In base 16, what is 1 - 1d787?
-1d786
In base 3, what is -1 + -201010201?
-201010202
In base 3, what is -102011002 - 2021002?
-111102011
In base 6, what is 1 + -255521025?
-255521024
In base 6, what is 1142051252 + 3?
1142051255
In base 16, what is 2426b55 - 5?
2426b50
In base 9, what is -34852 + -6120?
-42072
In base 9, what is 1 - -411233?
411234
In base 12, what is -13b0378b + 0?
-13b0378b
In base 5, what is -1114011 - -14422?
-1044034
In base 9, what is 13 + -405450?
-405436
In base 4, what is -23203312131201 - -1?
-23203312131200
In base 10, what is 236177 - -55?
236232
In base 13, what is a1a + 13b2?
20cc
In base 12, what is 6509262 + 0?
6509262
In base 10, what is 4 - -12523051?
12523055
In base 5, what is -301422423103 + 4?
-301422423044
In base 5, what is -3 - -310243310?
310243302
In base 13, what is 37179 - -102b?
381a7
In base 4, what is 1120 + 2223030102?
2223031222
In base 5, what is 2 + -2034002324?
-2034002322
In base 10, what is -9024 - -889?
-8135
In base 5, what is 303202 - -13?
303220
In base 6, what is -353552512 - 3?
-353552515
In base 8, what is -64027 + 370?
-63437
In base 8, what is 3676 + 20074?
23772
In base 12, what is 4701405 + 5?
470140a
In base 11, what is a0 - -1147091?
1147181
In base 13, what is 4c17 - -101?
5018
In base 6, what is -5 + 31352413?
31352404
In base 3, what is 0 - 102222112002220022?
-102222112002220022
In base 16, what is 14 - 92c1f6?
-92c1e2
In base 7, what is 3 - 132530150?
-132530144
In base 8, what is 1754357 - 714?
1753443
In base 8, what is 415 - -64445?
65062
In base 5, what is 10 + 224011134?
224011144
In base 6, what is -10 + -310014432?
-310014442
In base 5, what is -302310434 - 1040?
-302312024
In base 11, what is -16 + -50738?
-50753
In base 7, what is -5 + -66155622?
-66155630
In base 12, what is 0 - -1ab4017?
1ab4017
In base 3, what is -12122200020 + 10021200?
-12112101120
In base 4, what is 103233101211 - 3?
103233101202
In base 13, what is 3cac - 15157?
-11178
In base 11, what is 19331849 - 4?
19331845
In base 8, what is -62 - 2533363?
-2533445
In base 16, what is 5e14 + 452f?
a343
In base 14, what is 2560609 - -5?
2560610
In base 7, what is 31221051 - -4?
31221055
In base 13, what is -15 - -4c469?
4c454
In base 5, what is 1 + 3321044311?
3321044312
In base 13, what is -3 + 28936396?
28936393
In base 7, what is 5632 - -314?
6246
In base 4, what is -10000 - 213332223?
-220002223
In base 7, what is 1 + -61155644?
-61155643
In base 6, what is -12140 - 41502?
-54042
In base 6, what is -104115 + -2014?
-110133
In base 2, what is 11001101 - 10001110101100110